{"id":195,"date":"2021-02-06T01:57:26","date_gmt":"2021-02-06T01:57:26","guid":{"rendered":"http:\/\/fiwibusiness.com\/jamaica-biscuit-company-limited-jambisco\/?page_id=195"},"modified":"2021-02-06T02:06:32","modified_gmt":"2021-02-06T02:06:32","slug":"our-history","status":"publish","type":"page","link":"https:\/\/fiwibusiness.com\/jamaica-biscuit-company-limited-jambisco\/our-history\/","title":{"rendered":"OUR HISTORY"},"content":{"rendered":"\t\t<div data-elementor-type=\"wp-page\" data-elementor-id=\"195\" class=\"elementor elementor-195\" data-elementor-post-type=\"page\">\n\t\t\t\t\t\t<section class=\"elementor-section elementor-top-section elementor-element elementor-element-2dd7444 elementor-section-boxed elementor-section-height-default elementor-section-height-default\" data-id=\"2dd7444\" data-element_type=\"section\" data-e-type=\"section\" data-settings=\"{&quot;background_background&quot;:&quot;classic&quot;}\">\n\t\t\t\t\t\t\t<div class=\"elementor-background-overlay\"><\/div>\n\t\t\t\t\t\t\t<div class=\"elementor-container elementor-column-gap-default\">\n\t\t\t\t\t<div class=\"elementor-column elementor-col-100 elementor-top-column elementor-element elementor-element-6025ce1\" data-id=\"6025ce1\" data-element_type=\"column\" data-e-type=\"column\">\n\t\t\t<div class=\"elementor-widget-wrap elementor-element-populated\">\n\t\t\t\t\t\t\t<\/div>\n\t\t<\/div>\n\t\t\t\t\t<\/div>\n\t\t<\/section>\n\t\t\t\t<section class=\"elementor-section elementor-top-section elementor-element elementor-element-936dbc1 elementor-section-boxed elementor-section-height-default elementor-section-height-default\" data-id=\"936dbc1\" data-element_type=\"section\" data-e-type=\"section\">\n\t\t\t\t\t\t<div class=\"elementor-container elementor-column-gap-default\">\n\t\t\t\t\t<div class=\"elementor-column elementor-col-100 elementor-top-column elementor-element elementor-element-d34d207\" data-id=\"d34d207\" data-element_type=\"column\" data-e-type=\"column\">\n\t\t\t<div class=\"elementor-widget-wrap elementor-element-populated\">\n\t\t\t\t\t\t<div class=\"elementor-element elementor-element-701e446 elementor-widget elementor-widget-html\" data-id=\"701e446\" data-element_type=\"widget\" data-e-type=\"widget\" data-widget_type=\"html.default\">\n\t\t\t\t<div class=\"elementor-widget-container\">\n\t\t\t\t\t<script async src=\"https:\/\/pagead2.googlesyndication.com\/pagead\/js\/adsbygoogle.js\"><\/script>\r\n<!-- fiwiresad -->\r\n<ins class=\"adsbygoogle\"\r\n     style=\"display:block\"\r\n     data-ad-client=\"ca-pub-2676125079683394\"\r\n     data-ad-slot=\"3413558993\"\r\n     data-ad-format=\"auto\"\r\n     data-full-width-responsive=\"true\"><\/ins>\r\n<script>\r\n     (adsbygoogle = window.adsbygoogle || []).push({});\r\n<\/script>\t\t\t\t<\/div>\n\t\t\t\t<\/div>\n\t\t\t\t\t<\/div>\n\t\t<\/div>\n\t\t\t\t\t<\/div>\n\t\t<\/section>\n\t\t\t\t<section class=\"elementor-section elementor-top-section elementor-element elementor-element-9265d86 elementor-section-boxed elementor-section-height-default elementor-section-height-default\" data-id=\"9265d86\" data-element_type=\"section\" data-e-type=\"section\">\n\t\t\t\t\t\t<div class=\"elementor-container elementor-column-gap-default\">\n\t\t\t\t\t<div class=\"elementor-column elementor-col-100 elementor-top-column elementor-element elementor-element-7140452\" data-id=\"7140452\" data-element_type=\"column\" data-e-type=\"column\">\n\t\t\t<div class=\"elementor-widget-wrap elementor-element-populated\">\n\t\t\t\t\t\t<div class=\"elementor-element elementor-element-79e5d33 elementor-widget elementor-widget-heading\" data-id=\"79e5d33\" data-element_type=\"widget\" data-e-type=\"widget\" data-widget_type=\"heading.default\">\n\t\t\t\t<div class=\"elementor-widget-container\">\n\t\t\t\t\t<h5 class=\"elementor-heading-title elementor-size-default\">Bermudez Group is the expression of an adventurous family, begun by brothers Jos\u00e9 Rafael and Jos\u00e9 Angel, who voyaged from a turbulent Venezuela to the beautiful and exotic Caribbean island of Trinidad.\n<\/h5>\t\t\t\t<\/div>\n\t\t\t\t<\/div>\n\t\t\t\t<div class=\"elementor-element elementor-element-7a96870 elementor-widget elementor-widget-text-editor\" data-id=\"7a96870\" data-element_type=\"widget\" data-e-type=\"widget\" data-widget_type=\"text-editor.default\">\n\t\t\t\t<div class=\"elementor-widget-container\">\n\t\t\t\t\t\t\t\t\tJos\u00e9 Rafael was fascinated by technology and travelled to Paris for the 1900 World Fair, where he stumbled upon an innovative wood-burning biscuit oven. No one really knows why, but the machine caught his eye and so he returned to Trinidad with the contraption and set about with his brother to produce \u201csalt biscuits\u201d. Thus, the Bermudez Biscuit Company was born.<br><br>\n\nThese biscuits became a staple in Trinidad as the business grew from strength to strength and passed from generation to generation. With it, passed the family\u2019s secret ingredients \u2013 love and passion for food manufacturing; a commitment to delivering fresh, innovative, creative products; and a desire for adventure. Each generation added their own flair and flavour to the business, first by diversifying the portfolio of biscuits to include sweet biscuits, and then by venturing into new industries to produce bread, cake and snacks.<br><br>\n\nDay by day, the company grows, exploring new territories and embracing new cultures. Four generations later, the Bermudez Group has become a company of families, with more than 3000 employees spread across the Americas. The Group is comprised of six manufacturing companies and two distribution companies, including Bermudez Biscuit Co., Holiday Snacks Ltd., Kiss Baking Co., The Jamaica Biscuit Co., The West India Biscuit Co and Alimentos Bermudez.\t\t\t\t\t\t\t\t<\/div>\n\t\t\t\t<\/div>\n\t\t\t\t\t<\/div>\n\t\t<\/div>\n\t\t\t\t\t<\/div>\n\t\t<\/section>\n\t\t\t\t<\/div>\n\t\t","protected":false},"excerpt":{"rendered":"<p>Bermudez Group is the expression of an adventurous family, begun by brothers Jos\u00e9 Rafael and Jos\u00e9 Angel, who voyaged from a turbulent Venezuela to the beautiful and exotic Caribbean island of Trinidad. Jos\u00e9 Rafael was fascinated by technology and travelled to Paris for the 1900 World Fair, where he stumbled upon an innovative wood-burning biscuit [&hellip;]<\/p>\n","protected":false},"author":1,"featured_media":196,"parent":0,"menu_order":0,"comment_status":"closed","ping_status":"closed","template":"elementor_header_footer","meta":{"_acf_changed":false,"footnotes":""},"categories":[],"tags":[],"class_list":["post-195","page","type-page","status-publish","hentry"],"acf":[],"yoast_head":"<!-- This site is optimized with the Yoast SEO plugin v27.4 - https:\/\/yoast.com\/product\/yoast-seo-wordpress\/ -->\n<title>Excelsior Jamaica Biscuit Company - Jambisco - OUR HISTORY<\/title>\n<meta name=\"description\" content=\"Bermudez Group is the expression of an adventurous family, begun by brothers Jos\u00e9 Rafael and Jos\u00e9 Angel, who voyaged from a turbulent Venezuela to the beautiful and exotic Caribbean island of Trinidad.\" \/>\n<meta name=\"robots\" content=\"index, follow, max-snippet:-1, max-image-preview:large, max-video-preview:-1\" \/>\n<link rel=\"canonical\" href=\"https:\/\/fiwibusiness.com\/jamaica-biscuit-company-limited-jambisco\/our-history\/\" \/>\n<meta property=\"og:locale\" content=\"en_US\" \/>\n<meta property=\"og:type\" content=\"article\" \/>\n<meta property=\"og:title\" content=\"Excelsior Jamaica Biscuit Company - Jambisco - OUR HISTORY\" \/>\n<meta property=\"og:description\" content=\"Bermudez Group is the expression of an adventurous family, begun by brothers Jos\u00e9 Rafael and Jos\u00e9 Angel, who voyaged from a turbulent Venezuela to the beautiful and exotic Caribbean island of Trinidad.\" \/>\n<meta property=\"og:url\" content=\"https:\/\/fiwibusiness.com\/jamaica-biscuit-company-limited-jambisco\/our-history\/\" \/>\n<meta property=\"og:site_name\" content=\"Excelsior Jamaica Biscuit Company - Jambisco\" \/>\n<meta property=\"article:modified_time\" content=\"2021-02-06T02:06:32+00:00\" \/>\n<meta property=\"og:image\" content=\"https:\/\/fiwibusiness.com\/jamaica-biscuit-company-limited-jambisco\/wp-content\/uploads\/sites\/21\/2021\/02\/History_Collage_New_Correct.jpg\" \/>\n\t<meta property=\"og:image:width\" content=\"1000\" \/>\n\t<meta property=\"og:image:height\" content=\"563\" \/>\n\t<meta property=\"og:image:type\" content=\"image\/jpeg\" \/>\n<meta name=\"twitter:card\" content=\"summary_large_image\" \/>\n<meta name=\"twitter:label1\" content=\"Est. reading time\" \/>\n\t<meta name=\"twitter:data1\" content=\"2 minutes\" \/>\n<script type=\"application\/ld+json\" class=\"yoast-schema-graph\">{\"@context\":\"https:\\\/\\\/schema.org\",\"@graph\":[{\"@type\":\"WebPage\",\"@id\":\"https:\\\/\\\/fiwibusiness.com\\\/jamaica-biscuit-company-limited-jambisco\\\/our-history\\\/\",\"url\":\"https:\\\/\\\/fiwibusiness.com\\\/jamaica-biscuit-company-limited-jambisco\\\/our-history\\\/\",\"name\":\"Excelsior Jamaica Biscuit Company - Jambisco - OUR HISTORY\",\"isPartOf\":{\"@id\":\"http:\\\/\\\/fiwibusiness.com\\\/jamaica-biscuit-company-limited-jambisco\\\/#website\"},\"primaryImageOfPage\":{\"@id\":\"https:\\\/\\\/fiwibusiness.com\\\/jamaica-biscuit-company-limited-jambisco\\\/our-history\\\/#primaryimage\"},\"image\":{\"@id\":\"https:\\\/\\\/fiwibusiness.com\\\/jamaica-biscuit-company-limited-jambisco\\\/our-history\\\/#primaryimage\"},\"thumbnailUrl\":\"https:\\\/\\\/fiwibusiness.com\\\/jamaica-biscuit-company-limited-jambisco\\\/wp-content\\\/uploads\\\/sites\\\/21\\\/2021\\\/02\\\/History_Collage_New_Correct.jpg\",\"datePublished\":\"2021-02-06T01:57:26+00:00\",\"dateModified\":\"2021-02-06T02:06:32+00:00\",\"description\":\"Bermudez Group is the expression of an adventurous family, begun by brothers Jos\u00e9 Rafael and Jos\u00e9 Angel, who voyaged from a turbulent Venezuela to the beautiful and exotic Caribbean island of Trinidad.\",\"breadcrumb\":{\"@id\":\"https:\\\/\\\/fiwibusiness.com\\\/jamaica-biscuit-company-limited-jambisco\\\/our-history\\\/#breadcrumb\"},\"inLanguage\":\"en-US\",\"potentialAction\":[{\"@type\":\"ReadAction\",\"target\":[\"https:\\\/\\\/fiwibusiness.com\\\/jamaica-biscuit-company-limited-jambisco\\\/our-history\\\/\"]}]},{\"@type\":\"ImageObject\",\"inLanguage\":\"en-US\",\"@id\":\"https:\\\/\\\/fiwibusiness.com\\\/jamaica-biscuit-company-limited-jambisco\\\/our-history\\\/#primaryimage\",\"url\":\"https:\\\/\\\/fiwibusiness.com\\\/jamaica-biscuit-company-limited-jambisco\\\/wp-content\\\/uploads\\\/sites\\\/21\\\/2021\\\/02\\\/History_Collage_New_Correct.jpg\",\"contentUrl\":\"https:\\\/\\\/fiwibusiness.com\\\/jamaica-biscuit-company-limited-jambisco\\\/wp-content\\\/uploads\\\/sites\\\/21\\\/2021\\\/02\\\/History_Collage_New_Correct.jpg\",\"width\":1000,\"height\":563,\"caption\":\"Bermudez Group\"},{\"@type\":\"BreadcrumbList\",\"@id\":\"https:\\\/\\\/fiwibusiness.com\\\/jamaica-biscuit-company-limited-jambisco\\\/our-history\\\/#breadcrumb\",\"itemListElement\":[{\"@type\":\"ListItem\",\"position\":1,\"name\":\"Home\",\"item\":\"http:\\\/\\\/fiwibusiness.com\\\/jamaica-biscuit-company-limited-jambisco\\\/\"},{\"@type\":\"ListItem\",\"position\":2,\"name\":\"OUR HISTORY\"}]},{\"@type\":\"WebSite\",\"@id\":\"http:\\\/\\\/fiwibusiness.com\\\/jamaica-biscuit-company-limited-jambisco\\\/#website\",\"url\":\"http:\\\/\\\/fiwibusiness.com\\\/jamaica-biscuit-company-limited-jambisco\\\/\",\"name\":\"Excelsior Jamaica Biscuit Company - Jambisco\",\"description\":\"\",\"publisher\":{\"@id\":\"http:\\\/\\\/fiwibusiness.com\\\/jamaica-biscuit-company-limited-jambisco\\\/#organization\"},\"potentialAction\":[{\"@type\":\"SearchAction\",\"target\":{\"@type\":\"EntryPoint\",\"urlTemplate\":\"http:\\\/\\\/fiwibusiness.com\\\/jamaica-biscuit-company-limited-jambisco\\\/?s={search_term_string}\"},\"query-input\":{\"@type\":\"PropertyValueSpecification\",\"valueRequired\":true,\"valueName\":\"search_term_string\"}}],\"inLanguage\":\"en-US\"},{\"@type\":\"Organization\",\"@id\":\"http:\\\/\\\/fiwibusiness.com\\\/jamaica-biscuit-company-limited-jambisco\\\/#organization\",\"name\":\"Excelsior Jamaica Biscuit Company - Jambisco\",\"url\":\"http:\\\/\\\/fiwibusiness.com\\\/jamaica-biscuit-company-limited-jambisco\\\/\",\"logo\":{\"@type\":\"ImageObject\",\"inLanguage\":\"en-US\",\"@id\":\"http:\\\/\\\/fiwibusiness.com\\\/jamaica-biscuit-company-limited-jambisco\\\/#\\\/schema\\\/logo\\\/image\\\/\",\"url\":\"https:\\\/\\\/fiwibusiness.com\\\/jamaica-biscuit-company-limited-jambisco\\\/wp-content\\\/uploads\\\/sites\\\/21\\\/2021\\\/02\\\/Jamaica-Biscuit-Company-Limited-Jambisco-1.png\",\"contentUrl\":\"https:\\\/\\\/fiwibusiness.com\\\/jamaica-biscuit-company-limited-jambisco\\\/wp-content\\\/uploads\\\/sites\\\/21\\\/2021\\\/02\\\/Jamaica-Biscuit-Company-Limited-Jambisco-1.png\",\"width\":456,\"height\":376,\"caption\":\"Excelsior Jamaica Biscuit Company - Jambisco\"},\"image\":{\"@id\":\"http:\\\/\\\/fiwibusiness.com\\\/jamaica-biscuit-company-limited-jambisco\\\/#\\\/schema\\\/logo\\\/image\\\/\"}}]}<\/script>\n<!-- \/ Yoast SEO plugin. -->","yoast_head_json":{"title":"Excelsior Jamaica Biscuit Company - Jambisco - OUR HISTORY","description":"Bermudez Group is the expression of an adventurous family, begun by brothers Jos\u00e9 Rafael and Jos\u00e9 Angel, who voyaged from a turbulent Venezuela to the beautiful and exotic Caribbean island of Trinidad.","robots":{"index":"index","follow":"follow","max-snippet":"max-snippet:-1","max-image-preview":"max-image-preview:large","max-video-preview":"max-video-preview:-1"},"canonical":"https:\/\/fiwibusiness.com\/jamaica-biscuit-company-limited-jambisco\/our-history\/","og_locale":"en_US","og_type":"article","og_title":"Excelsior Jamaica Biscuit Company - Jambisco - OUR HISTORY","og_description":"Bermudez Group is the expression of an adventurous family, begun by brothers Jos\u00e9 Rafael and Jos\u00e9 Angel, who voyaged from a turbulent Venezuela to the beautiful and exotic Caribbean island of Trinidad.","og_url":"https:\/\/fiwibusiness.com\/jamaica-biscuit-company-limited-jambisco\/our-history\/","og_site_name":"Excelsior Jamaica Biscuit Company - Jambisco","article_modified_time":"2021-02-06T02:06:32+00:00","og_image":[{"width":1000,"height":563,"url":"https:\/\/fiwibusiness.com\/jamaica-biscuit-company-limited-jambisco\/wp-content\/uploads\/sites\/21\/2021\/02\/History_Collage_New_Correct.jpg","type":"image\/jpeg"}],"twitter_card":"summary_large_image","twitter_misc":{"Est. reading time":"2 minutes"},"schema":{"@context":"https:\/\/schema.org","@graph":[{"@type":"WebPage","@id":"https:\/\/fiwibusiness.com\/jamaica-biscuit-company-limited-jambisco\/our-history\/","url":"https:\/\/fiwibusiness.com\/jamaica-biscuit-company-limited-jambisco\/our-history\/","name":"Excelsior Jamaica Biscuit Company - Jambisco - OUR HISTORY","isPartOf":{"@id":"http:\/\/fiwibusiness.com\/jamaica-biscuit-company-limited-jambisco\/#website"},"primaryImageOfPage":{"@id":"https:\/\/fiwibusiness.com\/jamaica-biscuit-company-limited-jambisco\/our-history\/#primaryimage"},"image":{"@id":"https:\/\/fiwibusiness.com\/jamaica-biscuit-company-limited-jambisco\/our-history\/#primaryimage"},"thumbnailUrl":"https:\/\/fiwibusiness.com\/jamaica-biscuit-company-limited-jambisco\/wp-content\/uploads\/sites\/21\/2021\/02\/History_Collage_New_Correct.jpg","datePublished":"2021-02-06T01:57:26+00:00","dateModified":"2021-02-06T02:06:32+00:00","description":"Bermudez Group is the expression of an adventurous family, begun by brothers Jos\u00e9 Rafael and Jos\u00e9 Angel, who voyaged from a turbulent Venezuela to the beautiful and exotic Caribbean island of Trinidad.","breadcrumb":{"@id":"https:\/\/fiwibusiness.com\/jamaica-biscuit-company-limited-jambisco\/our-history\/#breadcrumb"},"inLanguage":"en-US","potentialAction":[{"@type":"ReadAction","target":["https:\/\/fiwibusiness.com\/jamaica-biscuit-company-limited-jambisco\/our-history\/"]}]},{"@type":"ImageObject","inLanguage":"en-US","@id":"https:\/\/fiwibusiness.com\/jamaica-biscuit-company-limited-jambisco\/our-history\/#primaryimage","url":"https:\/\/fiwibusiness.com\/jamaica-biscuit-company-limited-jambisco\/wp-content\/uploads\/sites\/21\/2021\/02\/History_Collage_New_Correct.jpg","contentUrl":"https:\/\/fiwibusiness.com\/jamaica-biscuit-company-limited-jambisco\/wp-content\/uploads\/sites\/21\/2021\/02\/History_Collage_New_Correct.jpg","width":1000,"height":563,"caption":"Bermudez Group"},{"@type":"BreadcrumbList","@id":"https:\/\/fiwibusiness.com\/jamaica-biscuit-company-limited-jambisco\/our-history\/#breadcrumb","itemListElement":[{"@type":"ListItem","position":1,"name":"Home","item":"http:\/\/fiwibusiness.com\/jamaica-biscuit-company-limited-jambisco\/"},{"@type":"ListItem","position":2,"name":"OUR HISTORY"}]},{"@type":"WebSite","@id":"http:\/\/fiwibusiness.com\/jamaica-biscuit-company-limited-jambisco\/#website","url":"http:\/\/fiwibusiness.com\/jamaica-biscuit-company-limited-jambisco\/","name":"Excelsior Jamaica Biscuit Company - Jambisco","description":"","publisher":{"@id":"http:\/\/fiwibusiness.com\/jamaica-biscuit-company-limited-jambisco\/#organization"},"potentialAction":[{"@type":"SearchAction","target":{"@type":"EntryPoint","urlTemplate":"http:\/\/fiwibusiness.com\/jamaica-biscuit-company-limited-jambisco\/?s={search_term_string}"},"query-input":{"@type":"PropertyValueSpecification","valueRequired":true,"valueName":"search_term_string"}}],"inLanguage":"en-US"},{"@type":"Organization","@id":"http:\/\/fiwibusiness.com\/jamaica-biscuit-company-limited-jambisco\/#organization","name":"Excelsior Jamaica Biscuit Company - Jambisco","url":"http:\/\/fiwibusiness.com\/jamaica-biscuit-company-limited-jambisco\/","logo":{"@type":"ImageObject","inLanguage":"en-US","@id":"http:\/\/fiwibusiness.com\/jamaica-biscuit-company-limited-jambisco\/#\/schema\/logo\/image\/","url":"https:\/\/fiwibusiness.com\/jamaica-biscuit-company-limited-jambisco\/wp-content\/uploads\/sites\/21\/2021\/02\/Jamaica-Biscuit-Company-Limited-Jambisco-1.png","contentUrl":"https:\/\/fiwibusiness.com\/jamaica-biscuit-company-limited-jambisco\/wp-content\/uploads\/sites\/21\/2021\/02\/Jamaica-Biscuit-Company-Limited-Jambisco-1.png","width":456,"height":376,"caption":"Excelsior Jamaica Biscuit Company - Jambisco"},"image":{"@id":"http:\/\/fiwibusiness.com\/jamaica-biscuit-company-limited-jambisco\/#\/schema\/logo\/image\/"}}]}},"publishpress_future_action":{"enabled":false,"date":"2026-05-01 10:38:46","action":"change-status","newStatus":"draft","terms":[],"taxonomy":"category","extraData":[]},"publishpress_future_workflow_manual_trigger":{"enabledWorkflows":[]},"_links":{"self":[{"href":"https:\/\/fiwibusiness.com\/jamaica-biscuit-company-limited-jambisco\/wp-json\/wp\/v2\/pages\/195","targetHints":{"allow":["GET"]}}],"collection":[{"href":"https:\/\/fiwibusiness.com\/jamaica-biscuit-company-limited-jambisco\/wp-json\/wp\/v2\/pages"}],"about":[{"href":"https:\/\/fiwibusiness.com\/jamaica-biscuit-company-limited-jambisco\/wp-json\/wp\/v2\/types\/page"}],"author":[{"embeddable":true,"href":"https:\/\/fiwibusiness.com\/jamaica-biscuit-company-limited-jambisco\/wp-json\/wp\/v2\/users\/1"}],"replies":[{"embeddable":true,"href":"https:\/\/fiwibusiness.com\/jamaica-biscuit-company-limited-jambisco\/wp-json\/wp\/v2\/comments?post=195"}],"version-history":[{"count":0,"href":"https:\/\/fiwibusiness.com\/jamaica-biscuit-company-limited-jambisco\/wp-json\/wp\/v2\/pages\/195\/revisions"}],"wp:featuredmedia":[{"embeddable":true,"href":"https:\/\/fiwibusiness.com\/jamaica-biscuit-company-limited-jambisco\/wp-json\/wp\/v2\/media\/196"}],"wp:attachment":[{"href":"https:\/\/fiwibusiness.com\/jamaica-biscuit-company-limited-jambisco\/wp-json\/wp\/v2\/media?parent=195"}],"wp:term":[{"taxonomy":"category","embeddable":true,"href":"https:\/\/fiwibusiness.com\/jamaica-biscuit-company-limited-jambisco\/wp-json\/wp\/v2\/categories?post=195"},{"taxonomy":"post_tag","embeddable":true,"href":"https:\/\/fiwibusiness.com\/jamaica-biscuit-company-limited-jambisco\/wp-json\/wp\/v2\/tags?post=195"}],"curies":[{"name":"wp","href":"https:\/\/api.w.org\/{rel}","templated":true}]}}